{"id":164,"date":"2022-12-29T11:15:03","date_gmt":"2022-12-29T10:15:03","guid":{"rendered":"https:\/\/rylou.dldl.fr\/?page_id=164"},"modified":"2024-02-15T22:23:54","modified_gmt":"2024-02-15T21:23:54","slug":"france","status":"publish","type":"page","link":"https:\/\/comitedesmocards.fr\/index.php\/france\/","title":{"rendered":"France"},"content":{"rendered":"\n<p>Le budget de la France au sein de l&rsquo;Europe : <a href=\"https:\/\/www.budget.gouv.fr\/panorama-finances-publique\/comparaison-europeenne\">Comparaison europ\u00e9enne | budget.gouv.fr<\/a><br><br>Le Produit Int\u00e9rieur Brut (PIB) : <a href=\"https:\/\/www.lafinancepourtous.com\/decryptages\/politiques-economiques\/theories-economiques\/pib\/\">PIB (Produit int\u00e9rieur brut) d\u00e9finition et enjeux &#8211; La finance pour tous<\/a><br><br>pour <a href=\"https:\/\/dessinemoileco.com\/quest-ce-que-le-produit-interieur-brut\/\">comprendre le PIB<\/a> avec une vid\u00e9o simple en 3 minutes<br><br>Tous les chiffres que vous voulez conna\u00eetre : les <a href=\"https:\/\/www.insee.fr\/fr\/statistiques\">statistiques et donn\u00e9es de l&rsquo;INSEE<\/a> <br><br>Fiche courte en une page : l&rsquo;<a href=\"https:\/\/www.assemblee-nationale.fr\/europe\/comparaisons\/fiches_pays_ancien.asp\">Europe en fiches<\/a> <br><br>Acc\u00e8s \u00e0 une fiche d\u00e9taill\u00e9e : l&rsquo;\u00e9conomie du pays, ses relations avec l&rsquo;Europe\u2026 : les <a href=\"https:\/\/www.touteleurope.eu\/les-pays-de-l-union-europeenne\/\">Pays de l&rsquo;Europe<\/a> <\/p>\n\n\n\n<p>Bilan d\u00e9mographique France 2023<\/p>\n\n\n\n<div class=\"wp-block-file\"><a id=\"wp-block-file--media-79080eec-c13c-42cd-a3a6-7543141a9d36\" href=\"https:\/\/comitedesmocards.fr\/wp-content\/uploads\/2024\/02\/Bilan-demographique-INSEE.pdf\">Bilan-demographique-INSEE<\/a><a href=\"https:\/\/comitedesmocards.fr\/wp-content\/uploads\/2024\/02\/Bilan-demographique-INSEE.pdf\" class=\"wp-block-file__button wp-element-button\" download aria-describedby=\"wp-block-file--media-79080eec-c13c-42cd-a3a6-7543141a9d36\">T\u00e9l\u00e9charger<\/a><\/div>\n\n\n\n<div class=\"wp-block-file\"><\/div>\n\n\n","protected":false},"excerpt":{"rendered":"<p>Le budget de la France au sein de l&rsquo;Europe : Comparaison europ\u00e9enne | budget.gouv.fr Le Produit Int\u00e9rieur Brut (PIB) : PIB (Produit int\u00e9rieur brut) d\u00e9finition et enjeux &#8211; La finance pour tous pour comprendre le PIB avec une vid\u00e9o simple en 3 minutes Tous les chiffres que vous voulez conna\u00eetre : les statistiques et donn\u00e9es [&hellip;]<\/p>\n","protected":false},"author":1,"featured_media":0,"parent":0,"menu_order":0,"comment_status":"closed","ping_status":"closed","template":"","meta":{"site-sidebar-layout":"default","site-content-layout":"","ast-site-content-layout":"default","site-content-style":"default","site-sidebar-style":"default","ast-global-header-display":"","ast-banner-title-visibility":"","ast-main-header-display":"","ast-hfb-above-header-display":"","ast-hfb-below-header-display":"","ast-hfb-mobile-header-display":"","site-post-title":"","ast-breadcrumbs-content":"","ast-featured-img":"","footer-sml-layout":"","theme-transparent-header-meta":"","adv-header-id-meta":"","stick-header-meta":"","header-above-stick-meta":"","header-main-stick-meta":"","header-below-stick-meta":"","astra-migrate-meta-layouts":"set","ast-page-background-enabled":"default","ast-page-background-meta":{"desktop":{"background-color":"var(--ast-global-color-4)","background-image":"","background-repeat":"repeat","background-position":"center center","background-size":"auto","background-attachment":"scroll","background-type":"","background-media":"","overlay-type":"","overlay-color":"","overlay-opacity":"","overlay-gradient":""},"tablet":{"background-color":"","background-image":"","background-repeat":"repeat","background-position":"center center","background-size":"auto","background-attachment":"scroll","background-type":"","background-media":"","overlay-type":"","overlay-color":"","overlay-opacity":"","overlay-gradient":""},"mobile":{"background-color":"","background-image":"","background-repeat":"repeat","background-position":"center center","background-size":"auto","background-attachment":"scroll","background-type":"","background-media":"","overlay-type":"","overlay-color":"","overlay-opacity":"","overlay-gradient":""}},"ast-content-background-meta":{"desktop":{"background-color":"var(--ast-global-color-5)","background-image":"","background-repeat":"repeat","background-position":"center center","background-size":"auto","background-attachment":"scroll","background-type":"","background-media":"","overlay-type":"","overlay-color":"","overlay-opacity":"","overlay-gradient":""},"tablet":{"background-color":"var(--ast-global-color-5)","background-image":"","background-repeat":"repeat","background-position":"center center","background-size":"auto","background-attachment":"scroll","background-type":"","background-media":"","overlay-type":"","overlay-color":"","overlay-opacity":"","overlay-gradient":""},"mobile":{"background-color":"var(--ast-global-color-5)","background-image":"","background-repeat":"repeat","background-position":"center center","background-size":"auto","background-attachment":"scroll","background-type":"","background-media":"","overlay-type":"","overlay-color":"","overlay-opacity":"","overlay-gradient":""}},"footnotes":""},"class_list":["post-164","page","type-page","status-publish","hentry"],"_links":{"self":[{"href":"https:\/\/comitedesmocards.fr\/index.php\/wp-json\/wp\/v2\/pages\/164","targetHints":{"allow":["GET"]}}],"collection":[{"href":"https:\/\/comitedesmocards.fr\/index.php\/wp-json\/wp\/v2\/pages"}],"about":[{"href":"https:\/\/comitedesmocards.fr\/index.php\/wp-json\/wp\/v2\/types\/page"}],"author":[{"embeddable":true,"href":"https:\/\/comitedesmocards.fr\/index.php\/wp-json\/wp\/v2\/users\/1"}],"replies":[{"embeddable":true,"href":"https:\/\/comitedesmocards.fr\/index.php\/wp-json\/wp\/v2\/comments?post=164"}],"version-history":[{"count":21,"href":"https:\/\/comitedesmocards.fr\/index.php\/wp-json\/wp\/v2\/pages\/164\/revisions"}],"predecessor-version":[{"id":883,"href":"https:\/\/comitedesmocards.fr\/index.php\/wp-json\/wp\/v2\/pages\/164\/revisions\/883"}],"wp:attachment":[{"href":"https:\/\/comitedesmocards.fr\/index.php\/wp-json\/wp\/v2\/media?parent=164"}],"curies":[{"name":"wp","href":"https:\/\/api.w.org\/{rel}","templated":true}]}}