{"id":54,"date":"2022-12-15T14:57:15","date_gmt":"2022-12-15T13:57:15","guid":{"rendered":"https:\/\/rylou.dldl.fr\/?page_id=54"},"modified":"2023-03-14T23:41:31","modified_gmt":"2023-03-14T22:41:31","slug":"accueil","status":"publish","type":"page","link":"https:\/\/comitedesmocards.fr\/","title":{"rendered":"Accueil"},"content":{"rendered":"\n<h3 class=\"has-text-align-center wp-block-heading\"><strong>Bienvenue sur le site du Comit\u00e9 du quartier des Mocards<\/strong> !<\/h3>\n\n\n\n<figure class=\"wp-block-image aligncenter size-large is-resized\"><img loading=\"lazy\" decoding=\"async\" src=\"https:\/\/comitedesmocards.fr\/wp-content\/uploads\/2023\/03\/mocards-view-3-1024x353.jpg\" alt=\"\" class=\"wp-image-613\" width=\"553\" height=\"190\" srcset=\"https:\/\/comitedesmocards.fr\/wp-content\/uploads\/2023\/03\/mocards-view-3-1024x353.jpg 1024w, https:\/\/comitedesmocards.fr\/wp-content\/uploads\/2023\/03\/mocards-view-3-300x104.jpg 300w, https:\/\/comitedesmocards.fr\/wp-content\/uploads\/2023\/03\/mocards-view-3-768x265.jpg 768w, https:\/\/comitedesmocards.fr\/wp-content\/uploads\/2023\/03\/mocards-view-3-1536x530.jpg 1536w, https:\/\/comitedesmocards.fr\/wp-content\/uploads\/2023\/03\/mocards-view-3-2048x707.jpg 2048w\" sizes=\"auto, (max-width: 553px) 100vw, 553px\" \/><\/figure>\n\n\n\n<p><br>Le Comit\u00e9 du Quartier des Mocards a \u00e9t\u00e9 cr\u00e9\u00e9 en 1989 pour d\u00e9fendre les r\u00e9sidents du quartier face aux nuisances li\u00e9es \u00e0 l\u2019\u00e9volution de l\u2019habitat, aux derni\u00e8res implantations industrielles, aux conditions de circulation et \u00e0 la pollution.<br><br><strong>Ses objectifs \u00e9taient et sont toujours de d\u00e9fendre collectivement les habitants et de les repr\u00e9senter aupr\u00e8s de la commune tout en renfor\u00e7ant les liens entre eux<\/strong>.<br><br>Les r\u00e9sultats de l\u2019action d\u00e9pendent des \u00e9lus avec qui nous traitons. Les \u00e9lus sont \u00e0 notre \u00e9coute et essaient de nous aider dans la mesure des contraintes budg\u00e9taires et l\u00e9gales.<br><br>Ainsi nous avons pu obtenir la viabilisation du passage pi\u00e9tonnier entre la rue Dalayrac et la rue des Mocards,<br>Nous avons \u00e9mis des propositions pour les modifications n\u00b03 et 4 du Plan Local d\u2019Urbanisme de Fontenay. Depuis 2022 notre Territoire Paris Est Marne et Bois nous invite \u00e0 suivre l&rsquo;\u00e9laboration du PLU Intercommunal (PLUI).<br>Nous avons contribu\u00e9 \u00e0 l\u2019abandon de quelques projets immobiliers anarchiques et \u00e0 l&rsquo;installation d&rsquo;une boite \u00e0 livres\u2026<br>Nous travaillons r\u00e9guli\u00e8rement avec les associations des quartiers voisins.<\/p>\n\n\n\n<p class=\"has-text-align-center has-text-color has-medium-font-size\" style=\"color:#338030\"><strong>Rejoignez-nous !<\/strong><\/p>\n\n\n\n<p><br><\/p>\n","protected":false},"excerpt":{"rendered":"<p>Bienvenue sur le site du Comit\u00e9 du quartier des Mocards ! Le Comit\u00e9 du Quartier des Mocards a \u00e9t\u00e9 cr\u00e9\u00e9 en 1989 pour d\u00e9fendre les r\u00e9sidents du quartier face aux nuisances li\u00e9es \u00e0 l\u2019\u00e9volution de l\u2019habitat, aux derni\u00e8res implantations industrielles, aux conditions de circulation et \u00e0 la pollution. Ses objectifs \u00e9taient et sont toujours de [&hellip;]<\/p>\n","protected":false},"author":1,"featured_media":0,"parent":0,"menu_order":0,"comment_status":"closed","ping_status":"closed","template":"","meta":{"site-sidebar-layout":"default","site-content-layout":"","ast-site-content-layout":"","site-content-style":"default","site-sidebar-style":"default","ast-global-header-display":"","ast-banner-title-visibility":"","ast-main-header-display":"","ast-hfb-above-header-display":"","ast-hfb-below-header-display":"","ast-hfb-mobile-header-display":"","site-post-title":"disabled","ast-breadcrumbs-content":"","ast-featured-img":"","footer-sml-layout":"","theme-transparent-header-meta":"","adv-header-id-meta":"","stick-header-meta":"","header-above-stick-meta":"","header-main-stick-meta":"","header-below-stick-meta":"","astra-migrate-meta-layouts":"default","ast-page-background-enabled":"default","ast-page-background-meta":{"desktop":{"background-color":"var(--ast-global-color-4)","background-image":"","background-repeat":"repeat","background-position":"center center","background-size":"auto","background-attachment":"scroll","background-type":"","background-media":"","overlay-type":"","overlay-color":"","overlay-opacity":"","overlay-gradient":""},"tablet":{"background-color":"","background-image":"","background-repeat":"repeat","background-position":"center center","background-size":"auto","background-attachment":"scroll","background-type":"","background-media":"","overlay-type":"","overlay-color":"","overlay-opacity":"","overlay-gradient":""},"mobile":{"background-color":"","background-image":"","background-repeat":"repeat","background-position":"center center","background-size":"auto","background-attachment":"scroll","background-type":"","background-media":"","overlay-type":"","overlay-color":"","overlay-opacity":"","overlay-gradient":""}},"ast-content-background-meta":{"desktop":{"background-color":"var(--ast-global-color-5)","background-image":"","background-repeat":"repeat","background-position":"center center","background-size":"auto","background-attachment":"scroll","background-type":"","background-media":"","overlay-type":"","overlay-color":"","overlay-opacity":"","overlay-gradient":""},"tablet":{"background-color":"var(--ast-global-color-5)","background-image":"","background-repeat":"repeat","background-position":"center center","background-size":"auto","background-attachment":"scroll","background-type":"","background-media":"","overlay-type":"","overlay-color":"","overlay-opacity":"","overlay-gradient":""},"mobile":{"background-color":"var(--ast-global-color-5)","background-image":"","background-repeat":"repeat","background-position":"center center","background-size":"auto","background-attachment":"scroll","background-type":"","background-media":"","overlay-type":"","overlay-color":"","overlay-opacity":"","overlay-gradient":""}},"footnotes":""},"class_list":["post-54","page","type-page","status-publish","hentry"],"_links":{"self":[{"href":"https:\/\/comitedesmocards.fr\/index.php\/wp-json\/wp\/v2\/pages\/54","targetHints":{"allow":["GET"]}}],"collection":[{"href":"https:\/\/comitedesmocards.fr\/index.php\/wp-json\/wp\/v2\/pages"}],"about":[{"href":"https:\/\/comitedesmocards.fr\/index.php\/wp-json\/wp\/v2\/types\/page"}],"author":[{"embeddable":true,"href":"https:\/\/comitedesmocards.fr\/index.php\/wp-json\/wp\/v2\/users\/1"}],"replies":[{"embeddable":true,"href":"https:\/\/comitedesmocards.fr\/index.php\/wp-json\/wp\/v2\/comments?post=54"}],"version-history":[{"count":85,"href":"https:\/\/comitedesmocards.fr\/index.php\/wp-json\/wp\/v2\/pages\/54\/revisions"}],"predecessor-version":[{"id":762,"href":"https:\/\/comitedesmocards.fr\/index.php\/wp-json\/wp\/v2\/pages\/54\/revisions\/762"}],"wp:attachment":[{"href":"https:\/\/comitedesmocards.fr\/index.php\/wp-json\/wp\/v2\/media?parent=54"}],"curies":[{"name":"wp","href":"https:\/\/api.w.org\/{rel}","templated":true}]}}